ate the greatest common factor of 15 and t.
15
Suppose -4*v - 152 = -2*b - 14, 4*b - 264 = 2*v. Suppose -2*n - 18 - 36 = -2*f, -2*f = n - 51. What is the greatest common divisor of f and b?
13
Suppose 5*q = 8*q. Suppose q*u - u + 2 = 0. Suppose -3*i + 18 + 36 = 0. What is the greatest common divisor of i and u?
2
Suppose -2*x + 2 = 0, 2*y - 7 = 3*x - 6*x. Suppose -2*f = -y*p - 208, 2*f - f - 5*p = 124. Let s = 32 - 23. What is the highest common divisor of f and s?
9
Suppose 0*r = 3*m - 2*r + 113, -2*m = 5*r + 69. Let z = m + 53. Suppose 3*u + 4*i = 540, 5*i = 2*u - 0*u - 337. What is the highest common divisor of u and z?
16
Let b(m) be the first derivative of m**3 + 6*m + 2. Let d be b(-5). Calculate the highest common factor of d and 9.
9
Let a(t) = 3*t**3 - 3*t**2 - 3*t + 3. Let o be a(3). Suppose -n = -3*v + o, -n = 2*n. Calculate the highest common factor of v and 176.
16
Let j be 1*(3 - (-1 + 1)). Let q be 22/2 + -1 + 2. Calculate the highest common divisor of q and j.
3
Let g be 18/9 + (-2 - -1*2). What is the highest common divisor of 2 and g?
2
Let i(g) = -g**3 + 13*g**2 + 14*g + 10. Let a be i(14). What is the greatest common divisor of a and 30?
10
Let y(p) = -p**3 + 8*p**2 - 4*p + 5. Let r be y(4). Calculate the greatest common factor of r and 106.
53
Let a = 2 + 15. Let g = 6 + -3. Let w = a + g. Calculate the greatest common divisor of w and 10.
10
Let p = -27 - -45. What is the greatest common factor of 126 and p?
18
Let y(q) = 5*q**2 - 3*q + 2. Let v be y(3). Suppose -3*r - 2*f + 4*f + v = 0, r = 2*f + 18. Calculate the greatest common factor of 30 and r.
10
Let k = -6 - -8. Suppose 3*b + 3*u - 56 = 469, 5*u + 385 = k*b. Calculate the greatest common divisor of b and 20.
20
Let h(i) = i**2 - 4*i - 6. Let b be h(5). Let l(m) = -36*m**3 - m**2 + 1. Let g be l(b). What is the greatest common factor of g and 9?
9
Suppose 4*j - 59 - 37 = 0. What is the greatest common factor of 16 and j?
8
Suppose 4*i - 3*r = -32, -2*r + 3*r + 37 = -3*i. Let b = i + 6. Let n be 5*(0 + (-8)/b). Calculate the greatest common factor of 40 and n.
8
Let z(b) = b**3 + 3*b**2 - b + 6. Let d be z(-3). Calculate the highest common divisor of 45 and d.
9
Let k(x) = 2*x - 3. Let d be k(5). Let j = -7 + 4. Let z(u) = u + 4. Let m be z(j). Calculate the highest common divisor of m and d.
1
Suppose -4*h + 36 = -2*j, 4*h - 32 = -3*j - 6. What is the greatest common divisor of 24 and h?
8
Suppose 678 = 5*y + m, 4*y - 3*m = -2*m + 537. What is the greatest common factor of y and 15?
15
Suppose -5 = -2*q - 49. Let n be (-2)/4 - 231/q. What is the greatest common divisor of n and 15?
5
Suppose 3*f = 9, 0 = -0*m - 2*m - f + 41. Suppose m = -5*i + 239. What is the greatest common divisor of i and 110?
22
Let h be (-66)/(-4) - ((-120)/(-16) + -8). What is the greatest common factor of 221 and h?
17
Suppose -200 = -5*a - 5*a. Calculate the greatest common factor of 50 and a.
10
Let g(b) = 5*b**3 + 12 - b**2 - 12. Suppose -4*j = -3 - 1. Let o be g(j). What is the greatest common divisor of o and 44?
4
Suppose 15*r = 8*r + 49. Suppose -3*g + 3 = -39. What is the highest common divisor of r and g?
7
Let n = 8 - 4. What is the greatest common factor of n and 12?
4
Let s = -11 - -15. Let w(l) = 10*l - 5. Let c be w(s). Let a be (-36)/(-10) - (-14)/c. Calculate the greatest common factor of a and 32.
4
Let y(l) = 15*l**2 + 1. Let z be y(1). Let t = 10 - z. Let n(v) = -12*v. Let g be n(t). Calculate the highest common factor of g and 8.
8
Let m be 2/6 + 98/21. Suppose 0 = -m*u - 5*r - 135, 2*u + 0*u = -r - 52. Let x = u + 37. What is the greatest common factor of x and 48?
12
Let h be (-6)/33 - (-114)/22. What is the highest common factor of 35 and h?
5
Suppose 4*z = z - 5*l - 14, 4 = -2*z - 2*l. What is the greatest common factor of z and 46?
2
Let z(q) be the second derivative of -q**5/20 - q**4/6 - q**3/3 - q**2/2 + q. Let j be z(-3). What is the highest common factor of 2 and j?
2
Suppose 0 = -4*h - 0*h - 164. Let m = -17 - h. Calculate the greatest common divisor of m and 6.
6
Let d be -3 + 3 - (-11 + 1). Let w = 1 + d. Let s = 69 - 36. What is the greatest common divisor of s and w?
11
Let p(u) = 12*u - 6. Let v be p(4). Let c(z) = -z**3 + 7*z**2 + 6*z + 44. Let w be c(8). What is the highest common factor of w and v?
14
Suppose 15 + 29 = 4*s. Calculate the greatest common divisor of s and 88.
11
Let k(l) = -l**3 - 29*l**2 - 5*l - 67. Let j be k(-29). Suppose m = 28 + 24. What is the highest common factor of m and j?
26
Let c = 18 + -10. What is the greatest common factor of 1 and c?
1
Suppose -7*k + 15 = -4*k. What is the highest common divisor of 55 and k?
5
Let x = 224 - 112. Calculate the highest common factor of 14 and x.
14
Suppose 0 = -3*x - 2*x - 3*i + 56, -12 = -2*x + 4*i. Let h = 21 - x. Calculate the highest common factor of h and 11.
11
Let h(a) = 3*a - 2. Let s be h(2). Let x be (7 + 4 + 3)*s. What is the highest common divisor of x and 7?
7
Let a(k) = -k**3 + 2*k**2 + k + 3. Let i be a(3). Let y be (i + -1)/((-2)/8). Let o = y - 0. What is the highest common divisor of o and 32?
16
Let h(u) = -u**2 - 2*u + 2. Let f(z) = -z**3 - 6*z**2 + 7*z - 2. Let r be f(-7). Let n be h(r). Calculate the greatest common divisor of 18 and n.
2
Let s be 10/15 + 40/3. Let p = s + -9. What is the greatest common factor of 20 and p?
5
Let u(v) = -v**3 - 17*v**2 + 16*v + 3. Let z be u(-18). What is the greatest common factor of 26 and z?
13
Suppose -5*v = -3*o + 78, -4*v = o + 6 - 32. Calculate the greatest common factor of o and 2.
2
Let r = -2 - -4. Let i = r + 0. Let n be 140/6 - i/(-3). Calculate the greatest common divisor of n and 3.
3
Suppose 4*z = -2*c + 30, -3*c + 4 = 2*z - 9. Suppose f - 243 - 75 = -5*y, -182 = -3*y - 5*f. Calculate the highest common factor of y and z.
8
Let m(h) = -2*h**2 - 8*h - 5. Let v = -8 - -3. Let n be m(v). Let y be (-216)/n - 4/10. Calculate the highest common factor of 126 and y.
14
Let t be ((-4)/(-6))/(1/(-2))*-9. What is the greatest common factor of 192 and t?
12
Suppose -3*y + 20 - 2 = -3*v, -y + 5*v = -18. Suppose y*g - 133 = -2*a + 3*a, g = a + 43. What is the highest common factor of 30 and g?
15
Suppose y + 18 = 57. Calculate the greatest common factor of 429 and y.
39
Suppose -70 = -3*c + 11. What is the greatest common divisor of c and 3?
3
Suppose 116 = 3*u + u. Suppose -3*p + 53 - 207 = -5*d, 3*p = -4*d + 107. What is the greatest common factor of u and d?
29
Suppose z + 1 = -o + 4, 3 = 3*z + 5*o. Let n be 6/(-8)*-2*z. Calculate the highest common divisor of 9 and n.
9
Suppose -5*u + 1056 = -2*u. Suppose 0 = -4*r + u - 112. Calculate the highest common divisor of 12 and r.
12
Let j = -4 + 8. Suppose 0*r - 3*r + 12 = u, -j = -r. Suppose u = q + 3*c - 5 - 5, -2*q + 40 = -4*c. What is the greatest common factor of 8 and q?
8
Let b(s) = -207*s**3 + s + 2. Let w be b(-1). What is the highest common factor of w and 26?
26
Suppose 0 = -25*k + 20*k + 765. What is the greatest common divisor of k and 9?
9
Let w(f) = 45*f**3 - 2*f**2 + 1. Let x be w(1). Let p = 4 + 0. What is the greatest common divisor of x and p?
4
Let t(x) = 6*x + 2. Let o be t(2). What is the greatest common divisor of o and 154?
14
Let z(w) = 2*w**2 - 3*w - 5 - 2*w + 3*w + w**2. Let r be z(4). Calculate the greatest common divisor of r and 5.
5
Let k be (4*-5)/((-2)/2). Suppose -12 - k = -4*d. Calculate the greatest common factor of d and 8.
8
Let l(d) = d**3 - 5*d**2 - 2*d + 11. Let o be l(6). Calculate the greatest common factor of o and 14.
7
Let g(j) = -11*j + 24. Let y be g(-15). Let i(l) = l**2 + 7*l + 9. Let m be i(-9). What is the greatest common factor of y and m?
27
Suppose 2*r = 3*i - 52, -3*i - 2*r - 12 = -4*i. What is the highest common divisor of i and 160?
20
Suppose 5*m - m - 5*b = 22, -4*b - 8 = 0. Calculate the greatest common factor of 9 and m.
3
Let s be (5 - 50/4)/((-1)/6). Calculate the greatest common factor of s and 18.
9
Suppose -4*q + 92 = -4*l, -4*l = q + 2 - 10. Calculate the highest common divisor of 80 and q.
20
Let u = -4 - -8. Calculate the highest common divisor of 8 and u.
4
Let o = -172 + 332. What is the greatest common factor of o and 32?
32
Suppose 0 = c + d - 2, 4*c - 3*d = 3*c - 2. Calculate the highest common divisor of 2